-2. What is the tens digit of (k/(-3))/(c/(-30))?
4
Suppose a + 0 - 3 = -2*u, -3*u - 2*a = -4. What is the units digit of (u - -56) + -9 + 10?
9
Suppose -49 = 11*t + 6. Let w = t - -14. What is the units digit of w?
9
Let s = 53 + -41. Let m(l) = l**3 - 4*l + 1. Let z be m(3). Suppose -z = -v + s. What is the tens digit of v?
2
Suppose 3*r + 52*r - 299530 = 0. What is the tens digit of r?
4
Let q be 405/45*(-32)/6. Let j be 2/(-5) - 24/(-10). Let u = j - q. What is the tens digit of u?
5
Suppose 0 = 2*s - 3*z - 15 + 2, s - 17 = 5*z. Suppose -o - s*o - 15 = 0. Let u = 9 + o. What is the units digit of u?
4
Suppose 0 = 3176*q - 3185*q + 22041. What is the thousands digit of q?
2
Let z(i) = -i**3 - 7*i**2 + 8*i + 8. Let y be z(-8). Suppose 61 = y*w - 27. What is the tens digit of w?
1
Let t(o) = 19*o**2 - 2. Suppose -5*r + 0*r - 2*z = 14, 4*z = -8. What is the tens digit of t(r)?
7
Suppose 0 = 5*l - 4*l - 3. Suppose l*i - i = 68. Suppose -5*r + i = -41. What is the tens digit of r?
1
Let t = -49 - -51. Suppose 4*a + a = q + 289, -4*q = -t*a + 112. What is the tens digit of a?
5
Let w = -25 - -72. What is the tens digit of w?
4
Let l(z) = -z**3 - z**2 + z + 2. Let d be l(0). Suppose 95 = d*c - 51. What is the tens digit of c?
7
Suppose -1081 = -9*m + 188. What is the hundreds digit of m?
1
Suppose 3*q - 3*y = -3, -4*q - 1 = 4*y - 5. Suppose 0 = -5*a + 180 - 0. Suppose -2*w + l + 49 = q, 2*l + a = 3*w - 35. What is the tens digit of w?
2
Let c(m) = -m**3 + 4*m**2 + 7*m + 2. Suppose 4*g + 77 = 4*r + 13, 0 = 4*r - 3*g - 60. Suppose 3*l - 6*l = -r. What is the units digit of c(l)?
0
Let z = 4 + 6. Suppose -3*f = 2*s - 18, -5*f + 10 + z = 0. Suppose s*w + 4*b + 45 = 4*w, -5*w + 125 = 5*b. What is the units digit of w?
9
Suppose -47 = 3*i + 5*g + 39, -g + 40 = -2*i. Let f = 25 + i. Suppose f*q + 5*c - 75 = 2*q, 4*c = 4*q - 204. What is the tens digit of q?
5
Let p = 12 + -2. Suppose -3*k + 0*k + 39 = 0. Suppose -k*i = -8*i - p. What is the units digit of i?
2
Suppose 2*z + 5*u = 8393 + 3970, 4*u = z - 6162. What is the tens digit of z?
7
Let d(z) = -z**3 - 4*z**2 - z - 9. Let u(p) = -p**3 - 4*p**2 - 8. Let r(l) = 5*d(l) - 6*u(l). Let a be 25/(5 + 0) - 10. What is the units digit of r(a)?
3
Let f(w) = 38*w - 18. What is the units digit of f(11)?
0
Let r(q) = -q + 3. Let k be r(0). Suppose -5*o + 2*j + 10 = -k*o, 4*j = 3*o - 12. What is the tens digit of 218/o + 5/(-20)?
2
Suppose -6 = -3*c + 6. Suppose -2*x = -0*x. Suppose 4*s + x*s + c*z = 12, 5*s - 1 = 2*z. What is the units digit of s?
1
Let j = -247 - -362. What is the units digit of (-1)/(-1)*((-5 - -1) + j)?
1
Let h be (-10)/(-8) - 18/(-24). Suppose 2*w - h + 0 = 0. Suppose -w = u - 4. What is the units digit of u?
3
Let y = 88 + -228. Let d = 27 - y. Suppose 4*t - 4*c = 164, d = t + 3*t - 3*c. What is the tens digit of t?
4
What is the units digit of -10 + 7 - -59*9?
8
Suppose -x + 46 - 44 = 0. Let r(m) = 27*m + 1. What is the tens digit of r(x)?
5
Let w = 11 - 11. Let o = w - -4. Suppose o*s - 10 - 50 = 0. What is the tens digit of s?
1
Let g = -66 + 66. Suppose g = -33*h + 37*h - 84. What is the units digit of h?
1
Suppose -5*c + 4*t + 4939 = 0, -9*c + 8*c = -4*t - 991. What is the tens digit of c?
8
Let p = -1994 - -3837. What is the tens digit of p?
4
Let k = 1607 - 1126. What is the tens digit of k?
8
Suppose -4*o = -2*a - 14, 4*a - 5*o = -4*o - 14. What is the units digit of 87 - (a - (-3)/((-6)/(-8)))?
6
What is the tens digit of 3060/(-8)*36/(-30)?
5
Let f(c) = 9*c - 4. Let a be f(3). Suppose -4*o + 104 = 4*i, -2*o + a = 4*i - 31. Suppose -5*m - o = -10*m. What is the units digit of m?
5
Let o = -860 - -1630. What is the tens digit of o?
7
Suppose -3*j - 17022 = -7*j + y, -12778 = -3*j - 5*y. What is the thousands digit of j?
4
Let z = -662 - -1801. What is the thousands digit of z?
1
What is the hundreds digit of (-8369)/(-6) + 180/(-216)?
3
Let d be (228/10)/(4/10). Let m = 104 - d. What is the tens digit of m?
4
Suppose 7 = 2*n + 1. Suppose 0 = n*c - 7*c + 80. What is the units digit of c?
0
Suppose 6*w - 7*w - 2015 = -u, 2*w = -2*u + 4042. What is the units digit of u?
8
Let q be 77/14 + -5 + 2/(-4). Suppose q = 5*s + 278 - 1383. What is the units digit of s?
1
Let t be 2721/(-27) + 6/(-27). Let i = t + 222. Suppose 4*j - d - i = 0, -4*j + 0*d + 2*d = -126. What is the tens digit of j?
2
Let r(i) = i**2 + 8*i - 8. Let l(x) = 2*x**2 + 17*x - 15. Let s(z) = 2*l(z) - 5*r(z). Let v be s(-7). Suppose v*w + w = 172. What is the tens digit of w?
4
Let k(c) = 3*c + 7. Let i be k(-2). What is the hundreds digit of (-63)/14*-30*i?
1
Suppose 0 = 4*d - 3*d - 359. Let x(i) = i**3 + 12*i**2 + 11*i + 7. Let f be x(-11). Suppose f*k - 54 - d = 0. What is the units digit of k?
9
Let s(l) = -l**2 + 6*l - 3. Let a be s(4). Suppose -62 = -a*m + 68. What is the tens digit of m?
2
Let w(h) = -h**2 + h + 5. Let g be w(0). Suppose -1245 = -g*f - 2*p - 3*p, f = 2*p + 246. Suppose 4*n + f = 8*n. What is the units digit of n?
2
Let f(q) = 38*q**2 + 3*q - 15. Let y be f(-5). What is the tens digit of 2*1 - y/(-20)?
4
Let i(w) = -w**2 + 5*w - 2. Let x be i(3). Suppose -4*u = -5*k - x, -4*u + 5*k + 10 = u. Suppose -4*z - 54 = -u*z. What is the units digit of z?
7
Suppose 2*f = 10, -w = 3*f + f - 90. Let k = w - -57. What is the units digit of k?
7
Let h = -2014 - -3917. What is the tens digit of h?
0
Let t be ((-11)/(-5))/((-1)/(-5)). Suppose t = -4*r + 75. Suppose l = 4*m - r, -7 = -3*l + 3*m - 2*m. What is the units digit of l?
4
Let t(d) = 36*d - 73. What is the units digit of t(9)?
1
Suppose 0 = -x - 0*i + 2*i + 455, 5*i = x - 470. What is the tens digit of x?
4
Let s = 1108 - 992. What is the tens digit of s?
1
Suppose 31*y + 8091 = 28*y. What is the hundreds digit of 5/20 - y/12?
2
Let d(r) = 2*r**3 - 3*r**2 + 5*r - 7. Let q(l) = l**3 - 2*l**2 + 5*l - 8. Let f(g) = -2*d(g) + 3*q(g). What is the tens digit of f(-6)?
7
Let d(o) = o + 0*o - 13 - 13*o + 1. What is the tens digit of d(-14)?
5
Suppose 3 = 2*z + 4*o - o, 2*z = -2*o + 4. Suppose 7*l - 2*l + 133 = i, 423 = 3*i - z*l. What is the units digit of i?
3
Let g(n) = -n**3 - n**2 + 13*n + 10. Suppose -25 = 32*d - 27*d. What is the tens digit of g(d)?
4
Suppose -69658 = -25*h + 38517. What is the tens digit of h?
2
Let b = 675 + -386. What is the units digit of b?
9
Let j(w) = -w**3 - 17*w**2 - 18*w - 28. Let p be j(-16). Let z(b) = 4*b**3 - 6*b**2 + 6*b + 9. What is the units digit of z(p)?
3
Let c(i) be the third derivative of i**4/12 + 5*i**3/6 - i**2 - 19. Let n(j) = j**3 - 3*j**2 - 5*j + 4. Let a be n(4). What is the units digit of c(a)?
5
Let v(f) = -f**2 - f - 1. Let q be v(-1). Let r be 1 - (2 - 1/q). What is the tens digit of (-3210)/(-110) + r/11?
2
Let m(v) = v**3 + 6*v**2 - 9*v + 9. Let w be m(-7). Suppose 0 = -5*s - w + 113. What is the units digit of s?
8
What is the hundreds digit of 30*-1*(715/(-15) + -16)?
9
Let f be ((4 - 6) + 5/2)*0. What is the tens digit of (f + (-228)/(-4))*4?
2
Let t be 0 + -1 + 5 - 2. Let p be 2 - (74 - (-5 + t)). What is the tens digit of (-15)/p - 94/(-5)?
1
Let w(p) be the third derivative of -p**6/24 + 5*p**4/24 + p**3/6 + 8*p**2. What is the units digit of w(-2)?
1
Let i(k) = -35*k**3 - k. Let s be (2/4)/(2/(-8)). Let z(p) = -2*p - 5. Let v be z(s). What is the tens digit of i(v)?
3
Let s be 210/55 + 2/11. Let u be s/(-3)*(12 - 15). Suppose q - 91 = -u*r + 81, -4*r = 2*q - 176. What is the tens digit of r?
4
What is the hundreds digit of 4*3/8*(1306 - -2)?
9
What is the hundreds digit of 9*12010/30 + -8?
5
Let h be 426/14 + (-3)/7. Let d be h/(-5)*7/2. Let g = d - -41. What is the tens digit of g?
2
Let u(r) be the second derivative of -r**3/3 - r**2 - 8*r. What is the units digit of u(-7)?
2
Let o be (-4)/16 - 750/(-24). Let v = o + -18. What is the tens digit of v?
1
Let i(s) = s**3 - 27*s**2 - 57*s - 14. What is the tens digit of i(30)?
7
Suppose 2*q - 3*q + 1530 = 2*z, 4*z = -5*q + 3066. What is the units digit of z?
4
Let j = 12 + 53. Suppose -i + 875 = 6*i. Let r = i - j. What is the units digit of r?
0
Suppose 2*n = 3*o + 439, 0*o - 4*o + 1109 = 5*n. What is the tens digit of n?
2
Suppose 721 = 8*h - 527. What is the units digit of 1 - ((-40)/(-6))/((-8)/h)?
1
Suppose 4051 + 479 = 5*v. What is the units